p(-21)?
-9
Let s(c) = -c**3 - 3*c**2 + 5*c - 86. Determine s(-6).
-8
Let f(b) = -12*b - 88. Calculate f(-23).
188
Let m(v) = v**3 - 43*v**2 - 96*v - 44. Give m(45).
-314
Let d(y) = y**3 + 12*y**2 + 73*y + 198. What is d(-5)?
8
Let t(j) = -56*j - 1351. What is t(-24)?
-7
Let o(j) = -283*j - 23505. What is o(-83)?
-16
Let l(u) = -2*u**3 - 320*u**2 - 947*u - 784. Calculate l(-157).
1
Let b(v) = -v**2 - 68*v - 125. Calculate b(-66).
7
Let p(f) = -f**2 + 14*f + 81. Give p(22).
-95
Let z(i) = -16774*i - 100642. Calculate z(-6).
2
Let h(n) = -35*n**2 - 398*n + 8. Give h(-11).
151
Let p(o) = -3*o**2 + 112*o - 528. What is p(32)?
-16
Let m(t) = -36*t**2 - t + 7. Determine m(2).
-139
Let g(k) = -22*k**3 + 2*k**2 - 11*k + 18. What is g(2)?
-172
Let t(r) = 17*r + 69. Calculate t(-11).
-118
Let v(d) = -1881*d**2 - 26330*d + 62. Determine v(-14).
6
Let b(v) = 75*v - 144. Determine b(4).
156
Let d(l) = -6762*l - 108202. Determine d(-16).
-10
Let m(v) = v**3 + 3*v - 18. Give m(3).
18
Let m(i) = 50*i - 9. What is m(2)?
91
Let d(w) = -40*w**2 + 31*w - 18. What is d(2)?
-116
Let r(t) = -2*t**2 + 102*t + 506. Give r(-6).
-178
Let b(t) = -2*t**2 + 29*t - 12. Give b(10).
78
Let a(b) = -2*b**2 + 82*b + 159. What is a(-2)?
-13
Let f(o) = o**3 - 25*o**2 + 27*o - 31. Determine f(24).
41
Let z(m) = -3*m**2 - 29*m - 33. Calculate z(-14).
-215
Let v(m) = -m**3 + 23*m**2 - 13*m - 74. What is v(22)?
124
Let p(u) = -u**3 - 17*u**2 + 135*u - 65. Give p(-23).
4
Let y(v) = 3*v**2 - 179*v + 353. Calculate y(2).
7
Let o(s) = -s**2 - 28*s + 146. Determine o(24).
-1102
Let k(c) = -c**2 + 1081*c - 14945. Determine k(14).
-7
Let t(k) = -k**3 + 55*k**2 + 25*k - 1376. Determine t(55).
-1
Let w(b) = -2*b**3 - 18*b**2 - 32*b + 12. What is w(-2)?
20
Let h(u) = 2*u**3 + 35*u**2 - 149*u - 8. What is h(-21)?
34
Let r(i) = -i**3 - 25*i**2 + i + 21. Determine r(-25).
-4
Let h(w) = 8*w - 101. Give h(7).
-45
Let l(o) = 7*o**2 + 639*o - 1204. Determine l(-93).
-88
Let c(v) = 97*v + 651. What is c(-7)?
-28
Let u(l) = -527*l - 7869. Give u(-15).
36
Let d(b) = -135*b + 123. Determine d(-4).
663
Let y(m) = -4*m**2 + 25*m + 450. What is y(-8)?
-6
Let q(v) = 1468*v - 192302. What is q(131)?
6
Let k(n) = -305*n + 3650. What is k(12)?
-10
Let v(y) = 66*y + 1031. Give v(-16).
-25
Let x(b) = b**3 + 32*b**2 - 69*b - 33. Give x(-34).
1
Let z(l) = -132*l - 1069. Give z(-8).
-13
Let h(k) = -33*k**2 + 47*k + 48. What is h(-1)?
-32
Let w(u) = 2*u**3 - 238*u**2 + 243*u - 828. Calculate w(118).
-2
Let h(l) = 4*l**2 + 15*l - 141. Determine h(-12).
255
Let a(q) = -1793*q + 39440. Give a(22).
-6
Let t(g) = 3*g**3 - 8*g**2 - 29*g + 78. What is t(3)?
0
Let f(h) = -5*h - 42. Calculate f(-12).
18
Let j(i) = i**3 - 12*i**2 - 8*i - 10. What is j(13)?
55
Let b(m) = m**3 + 24*m**2 + 41*m - 4. Determine b(-2).
2
Let t(s) = -s**2 - 44*s - 119. Give t(-42).
-35
Let h(m) = 203*m + 13. Give h(-1).
-190
Let c(u) = 12*u**2 + 150*u + 4. Determine c(-14).
256
Let b(y) = 45*y**3 - 17*y**2 + 10*y - 3. What is b(1)?
35
Let j(p) = 595*p + 15486. What is j(-26)?
16
Let n(j) = -2*j**2 - 67*j - 122. Give n(-33).
-89
Let f(l) = l**3 + 2*l**2 - 9*l + 10. What is f(3)?
28
Let a(u) = -2*u**2 - 2273*u - 13570. Give a(-6).
-4
Let g(l) = 2*l**3 + 19*l**2 - 7*l + 317. Determine g(-11).
31
Let p(g) = -125*g - 366. Calculate p(-3).
9
Let q(a) = -538*a - 98449. Calculate q(-183).
5
Let a(k) = 5*k**3 - 23*k**2 + 23*k + 27. Determine a(2).
21
Let b(j) = -5*j**3 - 7*j**2 + 3*j - 12. Determine b(-5).
423
Let l(y) = y**3 + 22*y**2 + 18*y + 15. Calculate l(-21).
78
Let u(i) = -2*i**3 + 11*i**2 + 7*i + 9. Determine u(6).
15
Let z(m) = 3*m - 19. Determine z(-8).
-43
Let k(f) = 14*f - 7. What is k(10)?
133
Let p(a) = a**3 + 2*a**2 + 44*a + 210. What is p(-4)?
2
Let p(s) = s**3 - 8*s**2 + 15*s + 28. What is p(4)?
24
Let n(r) = -r**2 - 16*r + 144. What is n(-17)?
127
Let w(u) = -11*u**2 + 68*u + 258. Give w(-4).
-190
Let k(o) = -2623*o + 141644. Calculate k(54).
2
Let t(i) = -i**2 + 85*i - 1652. What is t(30)?
-2
Let c(d) = -2*d**2 + 208*d + 201. What is c(-1)?
-9
Let x(y) = 32*y**2 + 14145*y + 449. What is x(-442)?
7
Let x(m) = -m**3 - 18*m**2 - 43*m - 99. Determine x(-6).
-273
Let v(c) = -3*c**3 - 22*c**2 + 12*c + 5. Calculate v(-8).
37
Let l(h) = 24*h - 204. What is l(10)?
36
Let b(k) = k**3 + 66*k**2 - 204*k + 214. Calculate b(-69).
7
Let z(a) = -44*a**3 - 13*a**2 + 5*a + 7. Give z(1).
-45
Let x(p) = p**3 - 49*p**2 - 1278*p + 271. Determine x(-19).
5
Let p(y) = 8*y**3 + 102*y**2 + 21*y + 562. Give p(-13).
-49
Let k(i) = -439*i - 875. Calculate k(-2).
3
Let z(f) = -f**3 + 22*f**2 - 73*f - 5. Calculate z(18).
-23
Let t(x) = -x**2 - 34*x - 192. Calculate t(-22).
72
Let l(z) = -z**2 + 13*z + 28. What is l(18)?
-62
Let g(k) = 90*k - 309. Calculate g(9).
501
Let v(r) = 62*r - 653. Determine v(10).
-33
Let w(l) = 2*l**2 + 17*l - 29. Determine w(-17).
260
Let n(g) = g**3 - 18*g**2 - 33*g - 136. Determine n(20).
4
Let c(p) = p**3 + 12*p**2 - 51*p - 77. What is c(-15)?
13
Let y(d) = 4*d**3 - 46*d**2 + 21*d - 32. Calculate y(11).
-43
Let n(h) = -6*h**2 + 3306*h - 45110. Give n(537).
-2
Let j(d) = -20*d**2 + 14*d + 4. Calculate j(4).
-260
Let i(n) = n**3 - 21*n**2 + 39*n - 10. Calculate i(19).
9
Let f(c) = -47*c**3 - c**2 + 2. Calculate f(-1).
48
Let i(f) = 63*f - 240. Give i(16).
768
Let o(p) = p**3 - 30*p**2 + 30*p - 46. Give o(29).
-17
Let r(k) = k**3 + 66*k**2 + 186*k - 136. What is r(-63)?
53
Let s(l) = -l**3 - 9*l**2 + 148*l + 5. What is s(-14)?
-1087
Let w(t) = 89*t - 136. Calculate w(1).
-47
Let z(c) = 22*c**2 + 989*c - 39. Give z(-45).
6
Let s(v) = -3*v - 143. Give s(12).
-179
Let m(r) = 71*r - 2203. What is m(31)?
-2
Let u(x) = x**3 - 167*x**2 - 2729*x - 187. Give u(182).
-5
Let o(y) = y**2 + 18*y - 92. Determine o(-23).
23
Let c(b) = -154*b - 1250. Calculate c(-8).
-18
Let z(a) = a**3 - 16*a**2 + 21*a - 269. Determine z(14).
-367
Let f(y) = y**3 + 4*y**2 + 17*y + 14. Give f(-3).
-28
Let t(u) = -8*u**3 - 2*u**2 - 5*u + 2. Calculate t(-2).
68
Let u(a) = -a**3 + a**2 + 2*a - 6. Determine u(2).
-6
Let o(x) = -2*x**2 - 6*x + 18. Give o(-9).
-90
Let q(p) = -3737*p + 18718. Give q(5).
33
Let i(z) = -4*z**3 + 415*z**2 - 307*z - 172. Give i(103).
34
Let z(k) = -1609*k - 157691. Give z(-98).
-9
Let n(h) = -7*h - 173. Give n(-6).
-131
Let i(h) = 279*h + 1126. Determine i(-4).
10
Let k(q) = -40*q**2 - 841*q - 102. Calculate k(-21).
-81
Let h(i) = 67*i - 1431. Give h(29).
512
Let u(v) = -52*v**2 - 7*v + 4. Calculate u(1).
-55
Let f(d) = 6*d - 315. What is f(53)?
3
Let s(k) = -9*k**3 + 2*k**2 + k. What is s(-1)?
10
Let t(k) = -4*k**2 + 86*k + 29. Calculate t(22).
-15
Let p(m) = 9*m - 31. What is p(8)?
41
Let t(n) = n**3 + 20*n**2 - 40*n + 70. Give t(-22).
-18
Let w(t) = -2*t**3 - 39*t**2 + 333*t - 122. Determine w(-26).
8
Let b(s) = -8502*s + 16992. Determine b(2).
-12
Let b(p) = 60*p + 5. What is b(1)?
65
Let q(x) = x**3 + 2*x**2 - 3*x + 5. Give q(-3).
5
Let v(b) = -b**3 + 20*b**2 + 69*b - 1676. Give v(18).
214
Let i(o) = -29*o + 117. Calculate i(5).
-28
Let a(l) = 41*l + 326. Give a(-5).
121
Let d(l) = 117*l - 670. Determine d(7).
149
Let g(q) = -27*q + 532. What is g(20)?
-8
Let c(l) = 18*l**2 + 169*l + 211. What is c(-8)?
11
Let b(w) = 701*w - 13350. What is b(19)?
-31
Let m(z) = 2*z**2 - 36*z + 53. What is m(17)?
19
Let d(u) = -6*u**2 + 193*u + 13. Calculate d(32).
45
Let k(s) = -3*s**3 - 3*s**2 + 2*s + 2. Calculate k(-2).
10
Let p(v) = 5*v**3 - 28*v**2 - 3*v - 38. What is p(6)?
16
Let v(a) = -2*a**2 - 45*a + 61. Determine v(-21).
124
Let q(k) = 154*k + 759. Calculate q(-6).
-165
Let u(d) = -d**3 + 44*d**2 + 53*d - 326. Determine u(45).
34
Let y(f) = -f**3 + 19*f**2 + 97*f + 63. What is y(24)?
-489
Let h(d) = -d**3 + 5*d**2 - 71*d + 593. Give h(8).
-167
Let d(s) = 18*s - 205. Calculate d(11).
-7
Let z(g) = g**3 + 2*g**2 - 19*g + 30. Calculate z(-6).
0
Let x(n) = n**3 + 143*n**2 - 125*n + 2738. What is x(-144)?
2
Let s(y) = 3*y**2 - 45*y + 173. Give s(7).
5
Let a(x) = 37*x - 4140. Give a(112).
4
Let r(s) = 4*s**2 + 1533*s + 6059. Determine r(-4).
-9
Let t(i) = -9*i**3 - 3*i**2 + 17*i + 22. Give t(-3).
187
Let u(p) = -19*p**2 - 1129*p - 465. Give u(-59).
7
Let o(k) = 134*k - 914. Determine o(7).
24
Let c(b) = -251*b - 11044. Determine c(-44).
0
Let g(h) = 2*h**3 + 